 digit of w?
6
Let p(t) = -3161*t - 7043. What is the units digit of p(-11)?
8
Let y(t) = -3*t**3 - 3*t**3 + 22*t**2 + 4*t**2 + t - 39 + 4*t**3 + t**3. What is the hundreds digit of y(25)?
6
Let l(f) = -17*f + 2. Suppose -4*q = -0*m - 3*m + 132, -4 = m. Let r = q + 29. What is the hundreds digit of l(r)?
1
Let r = 0 + 12. Suppose 0*x - r = -4*x. Suppose x*p = p + 182. What is the tens digit of p?
9
Let n be 15 + -19 - ((-16899 - -1) + -2). Suppose 18249 + n = 45*g. What is the units digit of g?
1
Suppose -9*d = -53811 + 15830 - 68075. What is the units digit of d?
4
Let w(i) = 6*i**2 + 10*i - 295. What is the tens digit of w(23)?
0
Suppose 4*j = 3*k - 7937, 30*k - 3*j = 28*k + 5292. What is the tens digit of k?
4
Let c(d) = 13*d + 88. Let x be c(-8). What is the tens digit of (220/x)/11*-332?
1
Let z be (-8)/(-24)*0/2. Suppose -v = -4*o - 753, -o - 4 = -z. What is the hundreds digit of v?
7
What is the thousands digit of 6/(-1) + 13 + (54348 - (7 - -10))?
4
Let s be 385/(-4) - (-6)/24. Let p = 105 + s. Let l(d) = 4*d + 19. What is the tens digit of l(p)?
5
Let n = 12 + -8. Suppose 505 = x + n*x. What is the units digit of x?
1
Let l(k) = -2*k**3 + 16*k**2 + 2*k - 12. Let u be l(8). Suppose u*x - 1395 = -x. Suppose -9*m - x = -12*m. What is the tens digit of m?
9
Let x = -186 + 268. Suppose 5*q + 2 = 3*d - 9, d = 5*q + 7. Suppose 2*c - 6*c + 88 = 3*z, 2*c + x = d*z. What is the units digit of z?
6
Let h be (0 + 4)/((-32)/(-23600)). Suppose 0 = 16*z - 8426 - h. What is the hundreds digit of z?
7
Suppose l - 17 + 14 = 0. Suppose -117*d = -4*g - 119*d + 5932, 4471 = l*g - 4*d. What is the tens digit of g?
8
Let t = -4 + 13. Let n(s) = 17*s**2 - 2*s - 3. Let d(v) = -69*v**2 + 9*v + 12. Let w(u) = t*n(u) + 2*d(u). What is the tens digit of w(-2)?
5
Let k be (1 - 2 - -3) + -48. Let v = -62 + 13. Let h = k - v. What is the units digit of h?
3
Suppose -5*g + 61 = -39. Let s be -2 + (-3)/(-2)*g/6. Suppose 243 + 27 = s*v. What is the tens digit of v?
9
Let s = 874 - -614. Let v = s - 508. What is the tens digit of v?
8
Let d = 6668 + -5589. What is the tens digit of d?
7
What is the thousands digit of 58074858/1930 + (-2)/(-5)?
0
Let g(o) = o**3. Let l be g(-1). Let f(q) be the third derivative of 71*q**5/60 - q**4/12 - 4*q**2 - 20. What is the units digit of f(l)?
3
What is the hundreds digit of (-45660)/18*(-72)/60?
0
Let x(y) = -154*y - 13. Let w(g) = -78*g - 6. Let o(c) = 14*w(c) - 6*x(c). Let q be o(16). What is the units digit of 6*(q/(-90) + (-4)/(-10))?
2
Let l(f) = 3*f**2 + f + 13. Suppose 5*j + 25 = -5*k, 10 + 5 = -4*k - 3*j. Let o be (k - -1)/((-21)/105). What is the tens digit of l(o)?
8
Let l(f) = f**2 + f. Let k(x) be the second derivative of x**4/2 + 4*x**3 + 13*x**2 - x. Let n(o) = k(o) - 4*l(o). What is the tens digit of n(-12)?
7
Suppose 73601 + 263275 = 61*w + 73*w. What is the units digit of w?
4
Let d = -33 + 22. Let v(b) = 19*b**2 + 9*b - 12. Let i(x) = 22*x**2 + 9*x - 11. Let t(w) = -6*i(w) + 7*v(w). What is the units digit of t(d)?
4
Let g = -12543 - -43131. What is the units digit of g?
8
What is the tens digit of 24/32 - 9/((-288)/153064)?
8
Let o(v) = 2*v + 15. Let g be o(7). Suppose 3*j - 2*j = -4*d + 18, -2*j = -5*d + g. Suppose -6*n + 193 = -d*n. What is the hundreds digit of n?
1
What is the ten thousands digit of 3 + (0 - 4*-34718)/(98/49)?
6
Suppose -4*g = 5*q - 1074, 2*g + 4*q - 147 - 387 = 0. What is the hundreds digit of g?
2
Let q(h) = -75*h - 70. Let k be q(-3). Suppose 77 = -4*s + 3*w, 2*s + w - 39 = 4*s. What is the units digit of (k/s)/((-3)/12)?
1
Suppose -4*c - 2*x - 14 = 1022, 782 = -3*c + x. Let o = -218 - c. What is the tens digit of o?
4
Suppose -74953 = -18*j + 52685. What is the units digit of j?
1
Let a = -418 - -11947. What is the hundreds digit of a?
5
Let m be 5 + 8/((-24)/9). Suppose 4*c + 61 = -3*j + 14, -m*c - 55 = 3*j. Let o = 69 - j. What is the tens digit of o?
9
Suppose g + 3*w - 3 = 0, 3*g - 39 - 18 = 3*w. Suppose -h - 4*h = -n - g, -n - 6 = -2*h. Suppose h*m - 26 = 85. What is the tens digit of m?
3
Let l(g) = -184*g + 205. What is the hundreds digit of l(-59)?
0
Let a(j) = j**2 - 106*j + 1480. Let r be a(16). Suppose 3*h = -m + 207, -4*m + 9 = -3. Suppose h = o - r. What is the units digit of o?
8
Suppose 0*y + 294940 = 10*y. What is the hundreds digit of y?
4
Suppose -12*n - 3 = -9*n. Let y be ((14 + 2)/4)/(n/(-155)). What is the units digit of 8*2/(-10)*y/(-8)?
4
Let j be 30514/(-44) + (-1)/(-2). Let g = -352 - j. What is the tens digit of g?
4
Suppose -4*r + 6*r = 2*x, -2*x - 5*r + 21 = 0. Suppose -x*f + 1837 = 4*s, -4*s = 5*f - 1616 - 219. Suppose 13*m + s = 17*m. What is the tens digit of m?
1
Let x(k) = 37*k - 92*k - 131 + 16*k + 13*k. What is the units digit of x(-8)?
7
Suppose -12*f + 76297 - 15985 = 0. What is the hundreds digit of f?
0
What is the hundreds digit of (-6569)/(-5) + (7 - ((-74)/(-5) - 8))?
3
What is the thousands digit of (-1 + 1 + (-4)/(-6))/((-1300)/(-28234050))?
4
Suppose 0 = 8*i - 12*i + 144. Suppose 28 = -b + i. Suppose -1841 + 225 = -b*u. What is the units digit of u?
2
What is the hundreds digit of (2 - 53610)/(476/(-476))?
6
Let v(d) = -122*d - 200. Let y be v(-31). Suppose 0 = g - 5*g - 5*z + y, -5*z = -4*g + 3562. What is the units digit of g?
3
Let i be 33 - (-5 + (-5 - -13)*1). Let x(f) = 2*f**3 - 61*f**2 + 43*f - 20. What is the hundreds digit of x(i)?
3
What is the units digit of 34/(-289) - 637032/(-68)?
8
Suppose -3*h + 38 = -2*y - 319, -4*h + 3*y + 477 = 0. Let i = -74 + h. What is the tens digit of i?
4
Suppose -19*y + 15*y + 4252 = 0. Let x = y + -737. Suppose -5*m = -94 - x. What is the units digit of m?
4
Suppose -16*f - 4 = -20*f. Let h be (-6)/9*(f - 3 - 1). Suppose 106 + 284 = h*z. What is the hundreds digit of z?
1
Suppose 0 = 4*t - 3*i - 40, 4*i = 3*t - 0*t - 30. What is the hundreds digit of (-15)/t + 2 + 7052/8?
8
Let i(q) = -1178*q + 11368. What is the tens digit of i(-48)?
1
Let z be 1/((-3)/72742) + (-208)/(-156). What is the hundreds digit of (-6)/(-9) - z/81?
3
Let f = -163 + 126. What is the units digit of -3 + f/(-13) - (-7154)/26?
5
Let d(j) be the second derivative of -35*j**3/6 + 9*j**2/2 + 6*j. Let z be d(7). Let o = -132 - z. What is the tens digit of o?
0
Suppose -3*n = n - 12. Suppose n*i = -2*v + 155, 8*v - 2*i = 4*v + 286. Suppose 0 = 2*z + 2*a + a - 35, 4*z - v = -3*a. What is the tens digit of z?
1
Suppose -2007*b = -2021*b + 150976. What is the ten thousands digit of b?
1
Suppose 4*h = 3*b - 87962, 3*h - 87948 = -1329*b + 1326*b. What is the thousands digit of b?
9
Suppose -933089 = 348*v - 3656246 - 243891. What is the hundreds digit of v?
5
Let u = 17225 + -8865. What is the hundreds digit of u?
3
What is the units digit of 19*(-24320)/(-50) - (-2)/5?
2
Let s = 861 - -5501. Suppose 30662 = 27*n + s. What is the hundreds digit of n?
9
Let z be -1 + -1 + (-9 - (-6606)/(-9)). Let o = z - -1324. What is the tens digit of o?
7
Let k(t) be the second derivative of -t**4/12 - t**3/6 + t**2/2 - 8*t. Let x(a) = -4*a**2 + 8*a - 8. Let p(b) = -6*k(b) - x(b). What is the tens digit of p(-3)?
9
What is the thousands digit of (-5)/(-20) + (-246285)/(-60)?
4
Let x = 21816 + -15546. What is the units digit of x?
0
Let s be ((-5)/20)/(3/12*-1). What is the hundreds digit of (7 - s)*(115/2 - -3)?
3
Let u be 1858 - (-11 + 5) - 0. What is the units digit of (7*u/224)/(1/8)?
6
What is the thousands digit of (-138390)/(-280)*(-16)/(-1)?
7
Let t = -1735 - -17018. What is the units digit of t?
3
Let f(b) be the first derivative of 1/3*b**3 + 17 - 22*b + 13/2*b**2. What is the tens digit of f(-19)?
9
Suppose 0 = -2*l + 4 - 0. Suppose -95 = -i - l*b, 4*i - 55 - 313 = -4*b. What is the tens digit of i?
8
Suppose 2*n + 2*h + 3 = 23, -h + 28 = 3*n. Suppose l - 12 - n = 0. What is the tens digit of l?
2
Suppose -5*o = 5*p - p + 2329, 5*p + 2933 = o. Let x = 876 + p. What is the units digit of x?
0
Suppose 109*n = 115*n - 12. Suppose n*v + i - 1021 = 386, -4*i - 1382 = -2*v. What is the units digit of v?
1
What is the hundreds digit of ((-30)/24)/((-18)/(-36))*(0 - 7078)?
6
Let h = 25 - 21. Suppose 5*q = h*k - k - 705, 4*k - q = 957. What is the tens digit of k?
4
Let k be 4/14 - (-23430)/70. Let f = k - -128. What is the tens digit of f?
6
Suppo